. Give u(-1).
5
Let u(b) be the third derivative of 2*b**6/15 - b**5/20 + b**3/3 + 14668*b**2. Give u(-1).
-17
Let u(h) = -9*h + 28. Let t(m) = 10*m - 25. Let z(w) = -9*t(w) - 8*u(w). Calculate z(4).
-71
Let v = -8134 - -8134. Let g(h) = -h**2 + 6*h - 2. Calculate g(v).
-2
Let f(p) = 6*p**2 - 6*p + 15. Let u = 27344 - 27340. Give f(u).
87
Let j(k) = -k - 18. Let c be j(-11). Let h(n) be the third derivative of -1/3*n**3 + 1/4*n**4 + 0*n - 12*n**2 + 1/60*n**5 + 0. Calculate h(c).
5
Let v(x) be the third derivative of x**8/6720 + x**6/720 - 5*x**4/12 - 2*x**3/3 + 2*x**2 + 219*x. Let k(o) be the second derivative of v(o). What is k(1)?
2
Let c be (-99)/(-27) + 120/9. Let d(w) = -5*w + 88. Calculate d(c).
3
Let t be -3 + 12*24/32 - 18/2. Let l(x) = 5*x**2 - 6*x + 1. Give l(t).
64
Let j(w) = 1080*w**2 - 793*w**2 + 15*w + 3 - 288*w**2. Let s be (-2)/(3 - 1) - -12. What is j(s)?
47
Let u(r) be the third derivative of 5*r**4/24 - 2*r**3 + 2*r**2 - 37. Determine u(5).
13
Let g(c) = 4*c + 143. Let a(r) = 2*r + 73. Let w(x) = 13*a(x) - 6*g(x). Give w(-43).
5
Let f(k) = -k**2 + k + 1. Let z be -1 - 16/(-10) - (-1376)/(-10). Let s = -134 - z. Give f(s).
-5
Suppose 0 = 2*r - 5 - 5, -4 = 3*h + r. Let j(y) be the second derivative of -y**5/20 - y**4/12 + 2*y**3/3 + 3*y**2 + 21675*y + 1. What is j(h)?
12
Let c(k) be the third derivative of -31*k**2 - 1/8*k**4 + k + 0 - 3/2*k**3. Calculate c(-8).
15
Let p(f) = -41*f**3 - 3*f**2 + 6*f - 38. Let s(c) = -103*c**3 - 5*c**2 + 11*c - 74. Let x(v) = -5*p(v) + 2*s(v). What is x(6)?
-42
Let i(a) = 17*a**3 - 100*a**2 - 25*a + 37. Let c(b) = 10*b**3 - 59*b**2 - 15*b + 22. Let o(y) = 12*c(y) - 7*i(y). Determine o(8).
-35
Let a be (-2)/4 - 10/(-4). Suppose 3*c + 10 = -a*c. Let l(h) = 4*h - 463 + 156 - h + h**2 + 150 + 158. Calculate l(c).
-1
Suppose 3 + 0 = v, 5*w = v + 2. Let k(p) = -6*p**2 - w + p**2 - 2 + 4. Suppose -4*t + 8 = -3*d, -3*t - 279*d + 275*d = 19. Determine k(t).
-4
Let f(v) = -3*v**2 + 13*v - 10. Let a(j) = 7*j**2 - 27*j + 20. Let n(u) = -2*a(u) - 5*f(u). Let i(g) = g**3 + g**2 - 3. Let q be i(2). Give n(q).
-8
Let a(y) = y**2 + 2*y - 4. Let m = 138 + -129. Suppose 90 = -9*g - m*g. Give a(g).
11
Let g(h) be the second derivative of -8*h + 1/2*h**2 + 1/3*h**3 - 7/20*h**5 + 7 + 1/12*h**4. Determine g(-1).
7
Let n(f) = -f**2 + 31*f + 148. Let v = -1723 - -1758. Calculate n(v).
8
Let j(y) = 2*y**2 + 3*y**3 + 4 + y**3 - 3*y**3 - 3*y. Suppose 125 = 8*h + 17*h. Suppose 40 = -5*x - 3*l + 20, 0 = h*x + l + 20. Determine j(x).
-16
Let i be ((-28)/(-21))/((-6)/(-9)). Let l be 15/6 + (-1)/i. Let w(h) = 5*h**2 + 10*h**3 - 7*h**l + 2 + h + 5*h**2 - 6*h**3. Calculate w(-2).
-20
Let w(k) be the second derivative of -k**4/6 - k**3/6 + k**2/2 - 3*k - 1130. Calculate w(-1).
0
Let w = 888 - 894. Let j(r) = 3 - 6*r**2 - 4*r + 5*r**3 - 3*r**3 + r - 3*r**3. Give j(w).
21
Let a be (-142)/7 - (4 - (-690)/(-210)). Let d(y) = -7*y - 140. Calculate d(a).
7
Suppose -130*p + 276*p = 98*p + 336. Let c(t) be the third derivative of t**4/24 - 4*t**3/3 - 2*t**2. Give c(p).
-1
Let o(c) be the third derivative of c**6/120 - c**5/6 - c**4/8 - c**3/2 + 6*c**2 - 345*c. What is o(10)?
-33
Let m(i) = 5*i**3 + i**2 + 6*i - 1. Let l(d) = -4*d**3 - d**2 - 5*d. Let j(v) = 6*l(v) + 5*m(v). Let a be j(0). Let t(n) = -n - 8. Give t(a).
-3
Let j(s) be the first derivative of -s**2/2 - 3*s - 32. Let o(n) = n**3 - n**2 - 3*n - 4. Let h be o(3). Let t = -1 + h. What is j(t)?
-7
Let s be (-210)/2205 - (-2)/(-14)*-3. Let o(q) be the second derivative of -1/4*q**4 - 6*q + 0 + s*q**3 + 0*q**2 + 1/20*q**5. Calculate o(3).
6
Let u(x) = -5*x**2 + 12*x - 1. Let z = -5128 + 5133. Give u(z).
-66
Suppose 110 + 52 = 2*g + 3*a, g - 95 = -5*a. Let j be (-232)/(-60) + (-1 - (-85)/g). Let l(r) = -r**3 + 6*r**2 - 9*r + 6. What is l(j)?
2
Let q(r) be the third derivative of 0 + 1/120*r**6 + 1/20*r**5 - 6*r - 1/24*r**4 - 5*r**2 + 3/2*r**3. Give q(-4).
-3
Suppose -20*w + 40 = -10*w. Suppose -6*r = -w*r - 10. Let i(y) = -6*y**2 + r*y**2 - 3*y**2 + 3*y**2 - 5. Give i(0).
-5
Let z(p) = -9*p**2 - 16*p + 4. Let k(g) = -4*g**2 - 8*g + 2. Let a(u) = u**3 - 21*u**2 + 53*u + 25. Let n be a(18). Let j(w) = n*k(w) - 3*z(w). Determine j(-8).
2
Let c(r) = r - 11. Suppose -18*i - 32 = -3*h - 19*i, -4 = -h + i. What is c(h)?
-2
Let z be (-8)/10*(210/(-20) - -8). Let n(c) = -1 + 213*c**z - 1 - 9*c + c**3 - 220*c**2. Determine n(8).
-10
Let l(n) = 3*n - 3. Let o(t) = 2*t - 2. Let f(p) = 18*p + 29. Let c be f(-2). Suppose -2*z = 3*d - 9, 2*d - 8 = d + z. Let m(s) = c*o(s) + d*l(s). Give m(4).
3
Let m = -12269 + 12246. Let u(p) = p + 19. Calculate u(m).
-4
Let k be (-1)/(1/(9*1)). Suppose 56*s + 30 = 59*s. Let h(g) = -4*g + s - 3*g**2 + g**2 - 4*g + g**2. Give h(k).
1
Let t(f) = 1745 + 1745 - 2*f - 3488 + 0*f. Give t(-10).
22
Let z(x) = x**3 + 12*x**2 - 23*x - 10. Let d be z(-14). Let s be (15/(-10))/((-30)/d). Let g(b) = b**3 + 5*b**2 + 6*b + 4. Give g(s).
-4
Let k(n) = -8*n - 1. Let t(q) = 18*q + 99. Let r be t(-16). Let a = -187 - r. Give k(a).
-17
Let r(j) = -j**3 + 18*j**2 - 13*j + 60. Let t(x) = -x**3 + 15*x**2 - 10*x + 63. Let l(p) = -3*r(p) + 4*t(p). Determine l(7).
16
Let j be 0 + 4/14 - 5060/805. Let h(r) = 8*r**2 + 48*r + 6. Give h(j).
6
Let a(z) be the first derivative of z**5/15 + z**4/12 + z**3/3 + 3. Let l(h) be the third derivative of a(h). Let i be 188/658*(1 - 8). What is l(i)?
-14
Let q(p) = 18*p**3 + 1. Suppose 0 = -6*v - 12 + 78. Suppose -7*y = m - 12*y + v, 9 = -5*m + 2*y. Give q(m).
-17
Let d(p) = -42*p**2 + p + 4. Let t be d(2). Let n = t + 90. Let y be 6/(-4)*n/54. Let x(o) = o + 2. Determine x(y).
4
Let b(v) be the first derivative of v**4/4 + 2*v**3 - v**2/2 - v - 52. Suppose -3*y = 5*l + 27, 4*y - y - 3 = 0. Give b(l).
5
Let f be (-2)/((-18)/29) + 42/(-189). Suppose 2*k = -3*r + r + 124, f*r = -2*k + 188. Let y(p) = -34 - 29 + r + 3*p. What is y(6)?
19
Suppose 7*s - 2 = 6*s. Suppose -s*o = -7*o + 30. Let a(k) be the second derivative of -k**3/6 - k**2/2 - k - 980. Determine a(o).
-7
Suppose -2*b - 4*m = b - 16, b = -m + 4. Let k = 3 + b. Suppose -3*d = d - k*q - 9, -q = 2*d - 17. Let n(y) = -y**3 + 7*y**2 - 7*y + 4. Determine n(d).
-2
Let l(i) = -i + 29. Let j = 19951 - 19946. What is l(j)?
24
Let s = 5410 - 5407. Let y(c) = -9*c**2 + 25*c + 1. Calculate y(s).
-5
Let h = -10 + 13. Let u(s) = 23*s**h - 5*s**3 - s**2 - 3*s - 6*s**3 + 2 - 11*s**3. Let p be (0/1)/(-1) + -25 + 28. Determine u(p).
11
Let y(j) be the third derivative of j**6/90 - j**5/120 - 11*j**4/6 + 41*j**2. Let o(n) be the second derivative of y(n). What is o(-1)?
-9
Let f(z) = -z**2 - 100*z + 11 + 47*z + 59*z. Give f(9).
-16
Let z(i) = i**2 - 13*i - 26. Suppose 33*x - q = 30*x + 44, 2*x - 32 = -2*q. Give z(x).
4
Let u(g) = 3*g + 32. Let j(l) = 6*l - 505. Let s be j(82). Calculate u(s).
-7
Suppose -5*x - 5*x = 7*x. Let k(h) = -2 + 0*h + 4 + 3*h - 2*h. Determine k(x).
2
Suppose -7831 = -20*l + 3509. Let t = l - 574. Let p(a) = 2*a**2 + 11*a + 8. What is p(t)?
29
Let b(z) be the third derivative of -z**5/60 - z**3/2 - 2*z**2 + 195*z. What is b(0)?
-3
Let u(y) be the third derivative of 1/30*y**5 + 0 - 1/6*y**4 + 0*y - 1/120*y**6 + 1/3*y**3 + 21*y**2. Determine u(2).
-6
Let j(o) be the first derivative of o**3/3 - 5*o**2 + 9*o + 579. Suppose 2*q = 12 - 2. Suppose 0 = q*r - r - 32. What is j(r)?
-7
Suppose -9*d + 92 = -304. Let v(t) = 7*t**2 - d*t - 38*t + 83*t. Calculate v(2).
30
Let q(j) be the first derivative of 2*j**3/3 - j**2/2 - 2. Let s(d) = d**3 + 18*d**2 - 406*d - 92. Let m be s(-31). Calculate q(m).
1
Suppose -35 = -3*u - 4*u. Let h(l) = l**3 + u*l - 3 - 18*l + 14*l + l. Determine h(2).
9
Suppose -2*v - 58 = 10*s, 0*s = -5*v + 4*s. Let p(b) = b**2 - b - 1. Let y(h) = -h**2 + 9*h. Let t(q) = 2*p(q) + y(q). What is t(v)?
-14
Suppose 2*p = w - 2*p + 241, -3*w = -5*p + 709. Let i = -230 - w. Let r(y) = y**3 - 2*y**2 - 2*y - 6. Calculate r(i).
-3
Let y(u) = -96 + 32 - u**2 + 33 - 4*u + 34. Let h(m) = m + 1. Let k be h(9). Suppose k = -a - a. What is y(a)?
-2
Let v(g) = -3*g + 15. Suppose 0 = -i - 1, i + 29 = 2*s - 4*i. Suppose -5*w + s*w - 49 = 0. Calculate v(w).
-6
Let k(b) = -b**2 + 2*b + 29. Let s be k(-4). Let r(h) = -5 - 1 + 17 - h - s + 0. What is r(4)?
2
Let t(y) = 510*y + 34. Let o(c) = 39*c